{"id":2204,"date":"2022-12-13T05:33:13","date_gmt":"2022-12-13T04:33:13","guid":{"rendered":"https:\/\/delpadre.flakeron.ch\/produkt\/chardonnay-de-geneve-jet-deau\/"},"modified":"2023-02-11T10:12:01","modified_gmt":"2023-02-11T09:12:01","slug":"chardonnay-de-geneve","status":"publish","type":"product","link":"https:\/\/www.delpadre.ch\/fr\/produkt\/chardonnay-de-geneve\/","title":{"rendered":"Chardonnay de Gen\u00e8ve \u00ab\u00a0Jet d&rsquo;Eau"},"content":{"rendered":"<p>Un c\u00e9page blanc bourguignon \u00e0 succ\u00e8s qui a \u00e9lu domicile dans le terroir genevois. Il se caract\u00e9rise par sa finesse et sa grande puissance aromatique.<\/p>\n","protected":false},"excerpt":{"rendered":"<p>Un c\u00e9page blanc bourguignon \u00e0 succ\u00e8s qui a \u00e9lu domicile dans le terroir genevois. Il se caract\u00e9rise par sa finesse et sa grande puissance aromatique.<\/p>\n","protected":false},"featured_media":0,"comment_status":"closed","ping_status":"open","template":"","meta":{"inline_featured_image":false},"product_brand":[],"product_cat":[125,122,128],"product_tag":[],"class_list":{"0":"post-2204","1":"product","2":"type-product","3":"status-publish","5":"product_cat-vente-a-emporter","6":"product_cat-vini-bevande-fr","7":"product_cat-vini-bianchi-svizzeri-fr","9":"first","10":"instock","11":"taxable","12":"shipping-taxable","13":"product-type-simple"},"_links":{"self":[{"href":"https:\/\/www.delpadre.ch\/fr\/wp-json\/wp\/v2\/product\/2204","targetHints":{"allow":["GET"]}}],"collection":[{"href":"https:\/\/www.delpadre.ch\/fr\/wp-json\/wp\/v2\/product"}],"about":[{"href":"https:\/\/www.delpadre.ch\/fr\/wp-json\/wp\/v2\/types\/product"}],"replies":[{"embeddable":true,"href":"https:\/\/www.delpadre.ch\/fr\/wp-json\/wp\/v2\/comments?post=2204"}],"wp:attachment":[{"href":"https:\/\/www.delpadre.ch\/fr\/wp-json\/wp\/v2\/media?parent=2204"}],"wp:term":[{"taxonomy":"product_brand","embeddable":true,"href":"https:\/\/www.delpadre.ch\/fr\/wp-json\/wp\/v2\/product_brand?post=2204"},{"taxonomy":"product_cat","embeddable":true,"href":"https:\/\/www.delpadre.ch\/fr\/wp-json\/wp\/v2\/product_cat?post=2204"},{"taxonomy":"product_tag","embeddable":true,"href":"https:\/\/www.delpadre.ch\/fr\/wp-json\/wp\/v2\/product_tag?post=2204"}],"curies":[{"name":"wp","href":"https:\/\/api.w.org\/{rel}","templated":true}]}}

Chardonnay de Genève « Jet d&rsquo;Eau

<p>Un cépage blanc bourguignon à succès qui a élu domicile dans le terroir genevois. Il se caractérise par sa finesse et sa grande puissance aromatique.</p>
